39
Let u(z) be the first derivative of 8*z**3 - z**2/2 - 7*z - 5. Let f(k) = -23*k**2 + k + 6. Let x(c) = -6*f(c) - 5*u(c). List the prime factors of x(-1).
2, 3
Let z(k) = 11*k - 12. Let t be z(2). Suppose n = t*n - 2394. What are the prime factors of n?
2, 7, 19
Suppose 0 = -4*j - 11 + 35. Suppose -j = -7*t + 4*t. List the prime factors of t*26*3/12.
13
Let u(r) = -97*r + 153. What are the prime factors of u(-7)?
2, 13
List the prime factors of 187/68*(1 - -47).
2, 3, 11
Let l = 143 + -62. List the prime factors of l.
3
Let u(r) = 6*r**2 - 1. Let l(i) = 2*i + 13. Let o be l(-7). Let p be u(o). Suppose 100 = p*n + 2*x - 7*x, 50 = 3*n - x. What are the prime factors of n?
3, 5
Let i(g) = g - 5. Let v be i(6). Let t be (-1 - v)*(-6)/4. Suppose 0 = -4*o - 2*b - t*b + 119, 4*o + 3*b - 113 = 0. What are the prime factors of o?
2, 13
Suppose -5*c - 4*j + 1546 = 0, -5*j = c - 3*j - 314. List the prime factors of c.
2, 3, 17
Let o = -6 + 5. Let d be 310/15 + o/(-3). Suppose -2*n - b = n - 49, 2*n - d = -3*b. List the prime factors of n.
2, 3
Let n(b) = 4528*b**3 + 4*b**2 - 8*b + 5. List the prime factors of n(1).
7, 647
What are the prime factors of -1*(-2286 - (-3 - -4))?
2287
Let y = 29 + 5. Suppose -5*c = -m - 24, -4*m = 5*c + 37 + y. Let q = 27 + m. What are the prime factors of q?
2
Let t be 4/6 - (1 + (-56)/6). Let j be (-4)/(-2*1) + -1. Let z = j + t. What are the prime factors of z?
2, 5
Let t(y) be the first derivative of -y**4/4 - y**3/3 - y**2 + y - 1. List the prime factors of t(-3).
5
Suppose -n + 83 = 3*a, -a - a = 4*n - 352. What are the prime factors of n?
89
Suppose 4*r = -r + 15. Suppose 4*c = 4, -r*c - 43 - 53 = -3*h. What are the prime factors of h?
3, 11
Suppose 4*i + 4*d = 3448, 18*i - d + 1727 = 20*i. List the prime factors of i.
5, 173
Let m(u) = -u**3 - 10*u**2 + 14. Suppose 3 = -6*j - 21. Let i be (7 + -12)/((-2)/j). List the prime factors of m(i).
2, 7
What are the prime factors of ((-297)/(-21) - -2) + (-11)/77?
2
Let w(a) = -a**2 - 10*a - 6. Let q be w(-5). Suppose 0 = -17*y + q*y - 424. List the prime factors of y.
2, 53
Let m(l) = -2*l. Let y be m(-8). Let d be y/4 - 1 - -27. Let f = d - -2. List the prime factors of f.
2
Let z(d) be the third derivative of -d**5/60 - 3*d**4/8 + d**3/3 + 2*d**2. Suppose -2*k - 4*b = 14, 5*k = 3*b - 32 - 3. What are the prime factors of z(k)?
2
What are the prime factors of -5*(10808/(-35) + 6)?
2, 757
Let x be (-1804)/(-8) - (-2)/(-4). Suppose -l = 2*l - x. What are the prime factors of l/10*(-10)/(-3)?
5
Let b = 7 + -5. Let g be b/5 - (-18)/(-45). What are the prime factors of 1 + g - (-12 + -4)?
17
Let z(l) = -l**3 - 6*l**2 - 38*l - 146. List the prime factors of z(-12).
2, 587
Let y(o) = o**2 - 7*o + 21. Let g be y(-9). Suppose -3*r + 20 + 30 = b, -5*b = -2*r - g. What are the prime factors of b?
5, 7
Let h = -394 + 744. What are the prime factors of h?
2, 5, 7
Suppose 2*k - 22 = -4. Suppose -2*l - 65 = -k. Let r = l + 56. What are the prime factors of r?
2, 7
Let a = 24 - 98. Let t = 245 + a. List the prime factors of t.
3, 19
Suppose -2*i + 0*i = -v, 13 = 4*v + 5*i. Suppose 2*j - v*c = -4, c + 2 = 4*j + 2*c. Suppose j = -0*x - 4*x + 160. What are the prime factors of x?
2, 5
Suppose 0 = 5*q - 20*q + 4380. List the prime factors of q.
2, 73
Let n(o) = -8*o**3 + o**2 + 2*o - 2. Let l be n(1). List the prime factors of 2/(-7) + (-65)/l.
3
Let z be (-4)/(4 + 4)*12. List the prime factors of (-111)/z - (-2 - 2/(-4)).
2, 5
Let c = 99 + -95. List the prime factors of (1 - c)/(-1) + 994/7.
5, 29
Let i be ((-204)/(-119))/(2/91). Let k = i + 29. What are the prime factors of k?
107
Suppose -5*c = -4*c - 4*i + 12, -4*c = 3*i - 9. Let d be 3 - (c + -2 + -1). Suppose -2*m + d*m - 204 = 0. List the prime factors of m.
3, 17
Let o(s) = -299*s**3 + 2*s**2 - s - 1. List the prime factors of o(-2).
7
What are the prime factors of 2930 + 3 - 198/22?
2, 17, 43
Suppose -7*d - 1299 = -1313. Let u(o) = 5*o**2 - 5*o - 3. Let r be u(-3). Suppose -d*q + 6*h = h - 81, -2*q + r = 3*h. List the prime factors of q.
3, 11
Suppose -4*u + 3*u = 0. Suppose -4*h - 4 + 52 = u. List the prime factors of h - -17 - (1 - 0).
2, 7
Suppose -p + 5886 = 3*y + 2*p, -5858 = -3*y + 4*p. What are the prime factors of y?
2, 11, 89
Suppose -2*c + 0*h = 5*h - 95, 4*c + h - 145 = 0. Suppose -c*g = -30*g - 335. List the prime factors of g.
67
Let s(y) = -3*y**3 + 5*y**2 + 3*y + 2. Let u be s(-3). Suppose -3 = -4*j + 17. Suppose u + 6 = j*r. What are the prime factors of r?
5
Let b(h) = 9*h**2 + 17*h + 54. List the prime factors of b(10).
2, 281
Suppose 3 = k - 2*c - 1, -k - 5*c + 4 = 0. Suppose -3*f + z - 120 = k*z, 4*f - 5*z + 124 = 0. Let i = -10 - f. What are the prime factors of i?
2, 13
Let r = 4 - -15. Let v = r - 13. What are the prime factors of v?
2, 3
Let t = 1107 - -470. List the prime factors of t.
19, 83
Let x = 6 - 3. Suppose d + x = -4. Let z = d - -16. List the prime factors of z.
3
Let y(p) be the second derivative of p**6/90 - p**5/24 - p**4/6 + 2*p**3/3 + 5*p. Let l(x) be the second derivative of y(x). What are the prime factors of l(4)?
2, 5
Let q(w) = w**2 + w + 46. Let u be q(0). Suppose 68 = -5*x + 4*b - u, 3*x + 5*b + 98 = 0. Let t = -14 - x. What are the prime factors of t?
2, 3
Suppose -7*d = 2431 - 17110. List the prime factors of d.
3, 233
Let g = -33 + 56. Let p = -16 + g. What are the prime factors of p?
7
Let i = 47 - -752. What are the prime factors of i?
17, 47
Suppose -18 - 14 = 4*u. Let t(i) = i**3 + 10*i**2 + 8*i - 2. What are the prime factors of t(u)?
2, 31
Let x(h) = h + 11. Let y(v) = v**2 + v - 8. Let s be y(0). Let t be x(s). List the prime factors of 2/t*(6 - 3).
2
Let o be ((-114)/95)/((-2)/40). Suppose -2*i = p - 9, -3*i + 9 = p - 3. Suppose 1 - 7 = p*f, -2*z = f - o. List the prime factors of z.
13
Let q(t) = 6*t**2 - 7*t + 9. Suppose 0 = 2*x + 5*m - 26, -2*m + 3*m - 19 = -5*x. What are the prime factors of q(x)?
2, 3, 7
Let z be (-33)/(-6) - 3/6. Suppose -5*r + 79 = z*y - 6, 3*y - 70 = -4*r. List the prime factors of r.
19
Suppose -20*v = -5*v - 10245. What are the prime factors of v?
683
Suppose -2*b - 15 = -b - f, -40 = 3*b - 2*f. Let a = b - -11. Let v(i) = 29*i**3 - i**2 - 2*i + 2. List the prime factors of v(a).
2, 7
Suppose 2*r = 4*g + 104, -r + 4*g = -8 - 36. Suppose -2*q + 2*z + 2*z = -r, -4*z - 136 = -4*q. Suppose 0 = -x + 2*x - q. What are the prime factors of x?
2, 19
Let w(a) = 11*a - 10. Let u be 1 + (2 + -4)/2. Suppose u = -3*o - n + 17, 2*o - 3 = o - n. What are the prime factors of w(o)?
67
Let n(t) be the second derivative of -7*t**3/6 - 2*t**2 - 23*t. Suppose j - 2*u = -10, 0*j - 3*j = 4*u. What are the prime factors of n(j)?
2, 3
List the prime factors of (-6 + 1053/(-15))*1*-5.
3, 127
Let z(d) = 3*d**2 + 37*d + 86. List the prime factors of z(-21).
2, 79
Let i(g) = 4*g**3 - 88*g**2 + 8*g + 48. List the prime factors of i(23).
2, 587
Suppose 4*g + 1167 = -2*j + 5*j, -g = -4*j + 1543. List the prime factors of j.
5, 7, 11
Let b = -41 - -80. Let r = 98 + b. What are the prime factors of r?
137
Suppose 635 = 3*k - a, -2*k - a = -0*a - 420. Let u = -115 + k. What are the prime factors of u?
2, 3
Let x(y) = -13*y - 11. Let f(j) = 6*j + 5. Let g(w) = -9*f(w) - 4*x(w). Let d be g(-3). Let k(o) = o**3 - 6*o**2 + 9*o - 12. List the prime factors of k(d).
2
Let i(c) = 6*c**2 + 9*c + 149. What are the prime factors of i(-16)?
23, 67
Suppose -5*y + 18 = 3. Let t be 2/y + (-30)/(-9). What are the prime factors of ((-6)/(-4))/(3/t)?
2
Let a(r) = r - 5. Let s(g) = -g**2 + 5*g + 5. Let t be s(5). Let z be a(t). Suppose -2*h + 59 + 21 = z. List the prime factors of h.
2, 5
List the prime factors of -1*(-80 - 0)*240/150.
2
Suppose 3*k = -5*w + 4054, 873 = k - w - 481. List the prime factors of k.
3, 11, 41
Let v = -16 - -32. Suppose -25 - v = -5*j + 2*s, 3*s = -j + 15. Let a = 0 + j. List the prime factors of a.
3
Let f be (12/10)/(1/(-5)). Let d(w) be the first derivative of -5*w**2/2 - 6*w + 3. List the prime factors of d(f).
2, 3
Let c = 304 + -249. What are the prime factors of c?
5, 11
Let q = -5091 + 7482. List the prime factors of q.
3, 797
Suppose 2*j = 4*j. Let l(o) = o**2 + o + 46. What are the prime factors of l(j)?
2, 23
List the prime factors of -7 + 6 - 1 - (-101)/1.
